{"id":318,"date":"2023-06-07T11:36:17","date_gmt":"2023-06-07T09:36:17","guid":{"rendered":"https:\/\/moakro.cz\/02\/?page_id=318"},"modified":"2023-06-09T21:49:43","modified_gmt":"2023-06-09T19:49:43","slug":"kontakt-info","status":"publish","type":"page","link":"https:\/\/moakro.cz\/02\/kontakt-info\/","title":{"rendered":"Kontakt \/ Info"},"content":{"rendered":"\n<p>Kontakt<\/p>\n\n\n\n<p>Michaela Ba\u0159inov\u00e1<\/p>\n\n\n\n<p>I\u010c: 65 51 15 06<\/p>\n\n\n\n<p>E-mail: moakro(zavin\u00e1\u010d)seznam.cz<\/p>\n\n\n\n<p>Mobil: +420 607 623 724<\/p>\n\n\n\n<p>S\u00eddlo firmy: Vid\u010de 533, 756 53 Vid\u010de<\/p>\n\n\n\n<p>Web: www.moakro.cz<\/p>\n\n\n\n<p>Objednac\u00ed podm\u00ednky<\/p>\n\n\n\n<p>Term\u00edn dod\u00e1n\u00ed zbo\u017e\u00ed z\u00e1le\u017e\u00ed na moment\u00e1ln\u00ed vyt\u00ed\u017eenosti firmy, sd\u011bl\u00edm v\u00e1m jej na dotaz. (email nebo telefon \u2013 odkaz na z\u00e1lo\u017eku \u201ekontakt\u201c)<\/p>\n\n\n\n<p>P\u0159evzet\u00ed zbo\u017e\u00ed :<\/p>\n\n\n\n<p>\u2013 osobn\u011b v s\u00eddle firmy (Vid\u010de 533, 756 53)<\/p>\n\n\n\n<p>\u2013 zasl\u00e1n\u00ed \u010ceskou po\u0161tou (po\u0161tovn\u00e9 dle aktu\u00e1ln\u00edho cen\u00edku) :<\/p>\n\n\n\n<p>\u2013 dob\u00edrkou<\/p>\n\n\n\n<p>\u2013 bal\u00edkem (p\u0159i platb\u011b p\u0159edem na \u00fa\u010det<\/p>\n\n\n\n<p>_ prost\u0159ednictv\u00edm slu\u017eby Z\u00e1silkovna nebo Bal\u00edkovna<\/p>\n","protected":false},"excerpt":{"rendered":"<p>Kontakt Michaela Ba\u0159inov\u00e1 I\u010c: 65 51 15 06 E-mail: moakro(zavin\u00e1\u010d)seznam.cz Mobil: +420 607 623 724 S\u00eddlo firmy: Vid\u010de 533, 756 53 Vid\u010de Web: www.moakro.cz Objednac\u00ed &hellip; <\/p>\n","protected":false},"author":1,"featured_media":0,"parent":0,"menu_order":0,"comment_status":"closed","ping_status":"closed","template":"","meta":{"footnotes":""},"class_list":["post-318","page","type-page","status-publish","hentry"],"_links":{"self":[{"href":"https:\/\/moakro.cz\/02\/wp-json\/wp\/v2\/pages\/318","targetHints":{"allow":["GET"]}}],"collection":[{"href":"https:\/\/moakro.cz\/02\/wp-json\/wp\/v2\/pages"}],"about":[{"href":"https:\/\/moakro.cz\/02\/wp-json\/wp\/v2\/types\/page"}],"author":[{"embeddable":true,"href":"https:\/\/moakro.cz\/02\/wp-json\/wp\/v2\/users\/1"}],"replies":[{"embeddable":true,"href":"https:\/\/moakro.cz\/02\/wp-json\/wp\/v2\/comments?post=318"}],"version-history":[{"count":2,"href":"https:\/\/moakro.cz\/02\/wp-json\/wp\/v2\/pages\/318\/revisions"}],"predecessor-version":[{"id":580,"href":"https:\/\/moakro.cz\/02\/wp-json\/wp\/v2\/pages\/318\/revisions\/580"}],"wp:attachment":[{"href":"https:\/\/moakro.cz\/02\/wp-json\/wp\/v2\/media?parent=318"}],"curies":[{"name":"wp","href":"https:\/\/api.w.org\/{rel}","templated":true}]}}